digit of 206255?
2
What is the ten thousands digit of 183017?
8
What is the ten thousands digit of 24854565?
5
What is the hundred thousands digit of 21839439?
8
What is the hundred thousands digit of 2491958?
4
What is the hundred thousands digit of 252034?
2
What is the thousands digit of 176570?
6
What is the tens digit of 253119?
1
What is the hundred thousands digit of 156461?
1
What is the hundreds digit of 40889?
8
What is the ten thousands digit of 260512?
6
What is the hundred thousands digit of 5834861?
8
What is the thousands digit of 298128?
8
What is the units digit of 145143?
3
What is the thousands digit of 9306?
9
What is the millions digit of 1534257?
1
What is the millions digit of 5696315?
5
What is the tens digit of 1156336?
3
What is the ten thousands digit of 71096?
7
What is the units digit of 1173681?
1
What is the tens digit of 573748?
4
What is the hundreds digit of 219584?
5
What is the ten thousands digit of 7510193?
1
What is the hundred thousands digit of 10086960?
0
What is the ten thousands digit of 7846451?
4
What is the tens digit of 41615?
1
What is the hundred thousands digit of 1304479?
3
What is the ten thousands digit of 36486488?
8
What is the tens digit of 19741?
4
What is the tens digit of 59552?
5
What is the hundred thousands digit of 40175121?
1
What is the ten thousands digit of 1681144?
8
What is the ten thousands digit of 14509704?
0
What is the units digit of 1274494?
4
What is the hundred thousands digit of 2436545?
4
What is the ten thousands digit of 1026522?
2
What is the thousands digit of 625912?
5
What is the units digit of 654960?
0
What is the tens digit of 144378?
7
What is the ten millions digit of 26398543?
2
What is the tens digit of 1479653?
5
What is the hundreds digit of 136639?
6
What is the units digit of 478096?
6
What is the ten millions digit of 13411508?
1
What is the tens digit of 423293?
9
What is the hundreds digit of 9979058?
0
What is the units digit of 6182765?
5
What is the ten thousands digit of 1067880?
6
What is the hundred thousands digit of 942341?
9
What is the hundreds digit of 17226643?
6
What is the hundred thousands digit of 33246030?
2
What is the millions digit of 29642395?
9
What is the tens digit of 137767?
6
What is the thousands digit of 606572?
6
What is the tens digit of 34672?
7
What is the ten thousands digit of 684834?
8
What is the hundred thousands digit of 1389904?
3
What is the hundred thousands digit of 6326824?
3
What is the hundreds digit of 2290192?
1
What is the ten thousands digit of 86173?
8
What is the thousands digit of 1851555?
1
What is the hundreds digit of 106913?
9
What is the ten thousands digit of 1310451?
1
What is the units digit of 986907?
7
What is the units digit of 426035?
5
What is the units digit of 600078?
8
What is the hundred thousands digit of 250043?
2
What is the ten millions digit of 19196303?
1
What is the hundred thousands digit of 100544?
1
What is the units digit of 404501?
1
What is the thousands digit of 3761628?
1
What is the thousands digit of 3623439?
3
What is the units digit of 93447?
7
What is the tens digit of 436033?
3
What is the tens digit of 85758?
5
What is the hundred thousands digit of 7683802?
6
What is the units digit of 402655?
5
What is the ten thousands digit of 99122?
9
What is the hundred thousands digit of 400798?
4
What is the thousands digit of 10674396?
4
What is the units digit of 5150962?
2
What is the thousands digit of 528587?
8
What is the hundreds digit of 5812004?
0
What is the ten millions digit of 20549775?
2
What is the tens digit of 414778?
7
What is the units digit of 10593939?
9
What is the ten millions digit of 39362502?
3
What is the ten thousands digit of 2524087?
2
What is the tens digit of 2908756?
5
What is the units digit of 710052?
2
What is the hundreds digit of 1082376?
3
What is the thousands digit of 14095787?
5
What is the hundreds digit of 2379683?
6
What is the ten thousands digit of 5555361?
5
What is the thousands digit of 247131?
7
What is the units digit of 24943844?
4
What is the thousands digit of 236040?
6
What is the thousands digit of 119325?
9
What is the tens digit of 406052?
5
What is the units digit of 710438?
8
What is the tens digit of 218459?
5
What is the thousands digit of 46368?
6
What is the millions digit of 9039876?
9
What is the hundreds digit of 242599?
5
What is the tens digit of 34176?
7
What is the tens digit of 241582?
8
What is the units digit of 3699009?
9
What is the ten thousands digit of 4173307?
7
What is the units digit of 143251?
1
What is the tens digit of 192001?
0
What is the hundred thousands digit of 5456671?
4
What is the hundreds digit of 29052?
0
What is the thousands digit of 5320272?
0
What is the hundreds digit of 5366784?
7
What is the units digit of 254374?
4
What is the ten thousands digit of 14160406?
6
What is the hundreds digit of 18782?
7
What is the ten millions digit of 12098394?
1
What is the thousands digit of 415181?
5
What is the hundreds digit of 6304876?
8
What is the ten thousands digit of 2091067?
9
What is the thousands digit of 7591443?
1
What is the units digit of 7378722?
2
What is the millions digit of 4189641?
4
What is the hundreds digit of 3215331?
3
What is the ten thousands digit of 11087851?
8
What is the hundred thousands digit of 7643976?
6
What is the ten thousands digit of 264549?
6
What is the hundred thousands digit of 4594912?
5
What is the hundred thousands digit of 2428591?
4
What is the ten thousands digit of 101815?
0
What is the thousands digit of 216710?
6
What is the hundred thousands digit of 406731?
4
What is the thousands digit of 996243?
6
What is the hundred thousands digit of 3120639?
1
What is the thousands digit of 68865?
8
What is the ten thousands digit of 16822110?
2
What is the hundreds digit of 4309780?
7
What is the units digit of 14168605?
5
What is the tens digit of 99937?
3
What is the units digit of 1276045?
5
What is the units digit of 1570090?
0
What is the hundred thousands digit of 11469021?
4
What is the units digit of 9331384?
4
What is the units digit of 1438461?
1
What is the thousands digit of 9562613?
2
What is the millions digit of 1726184?
1
What is the units digit of 345814?
4
What is the tens digit of 4434368?
6
What is the hundreds digit of 6287386?
3
What is the units digit of 3798?
8
What is the thousands digit of 1060461?
0
What is the tens digit of 11984874?
7
What is the hundred thousands digit of 17183736?
1
What is the tens digit of 6188221?
2
What is the ten thousands digit of 3304416?
0
What is the hundred thousands digit of 202268?
2
What is the millions digit of 14122112?
4
What is the hundred thousands digit of 667886?
6
What is the tens digit of 4482045?
4
What is the hundred thousands digit of 3228833?
2
What is the ten thousands digit of 4697525?
9
What is the thousands digit of 603580?
3
What is the ten thousands digit of 66678?
6
What is the thousands digit of 653338?
3
What is the tens digit of 751090?
9
What is the units digit of 5422898?
8
What is the units digit of 23897656?
6
What is the tens digit of 385602?
0
What is the millions digit of 3297759?
3
What is the tens digit of 5035990?
9
What is the thousands digit of 9887246?
7
What is the ten thousands digit of 8354893?
5
What is the hundreds digit of 1547621?
6
What is the ten thousands digit of 130080?
3
What is the thousands digit of 12548414?
8
What is the tens digit of 1844467?
6
What is the units digit of 525977?
7
What is the hundreds digit of 15188944?
9
What is the millions digit of 10774171?
0
What is the ten thousands digit of 119790?
1
What is the ten thousands digit of 5105010?
0
What is the ten thousands digit of 1301375?
0
What is the units digit of 568971?
1
What is the units digit of 901807?
7
What is the units digit of 342657?
7
What is the ten thousands digit of 3018937?
1
What is the thousands digit of 102154?
2
What is the hundreds digit of 805241?
2
What is the hundred thousands digit of 565005?
5
What is the units digit of 35190514?
4
What is the hundred thousands digit of 1398925?
3
What is the units digit of 65092?
2
What is the tens digit of 20316834?
3
What is the ten thousands digit of 8647808?
4
What is the thousands digit of 2